 of r.
2
Let l(f) = f**3 - 6*f**2 - 2*f + 9. Let j be l(6). Let t = 6 - -10. List the prime factors of 12*(t/(-6) - j).
2
Let i = 10 - 11. Let o(y) = 2*y - 2. Let m be o(3). Let w = i + m. What are the prime factors of w?
3
Let y = -6 + 12. Let d = 5 - y. List the prime factors of ((-28)/10)/(d/5).
2, 7
Let x(y) = -y**3 - 6*y**2 + 2. Let m be (-2)/13 - (-356)/(-52). What are the prime factors of x(m)?
3, 17
Let l(b) = b**3 - 2*b**2 - 3*b + 3. Let s be l(3). Let y be 561*((-35)/s)/5. List the prime factors of y/(-121) + (-2)/(-11).
11
Let p(c) = c + 7. What are the prime factors of p(10)?
17
Let g(h) = -4 + 4*h**2 - 1 - 3 + 2*h + 6. What are the prime factors of g(-2)?
2, 5
Suppose -2*m + 0*i + 86 = -2*i, 169 = 4*m - i. List the prime factors of m.
2, 3, 7
Let b = -51 + 142. What are the prime factors of b?
7, 13
Let c be (-1 - 0)/(2 - 3). What are the prime factors of 8*(1 - (0 - c))?
2
Suppose 18 = -3*p - 5*h + 50, 2*h = 8. Suppose 2*q - p*b = -2*q + 56, b = -2*q + 16. What are the prime factors of q?
2, 5
Let p(x) = 118*x - 3. List the prime factors of p(1).
5, 23
Suppose -q = -3*p - 12, -3*p - 82 = -5*q + p. What are the prime factors of q?
2, 3
Let x = 46 + 3. List the prime factors of x.
7
Suppose 2*j + 4*c = -22, 3*c - 22 = 4*j - 0*j. Let z = -4 - j. Suppose -2 = -d + z. What are the prime factors of d?
5
Suppose -16 = -y + 8. Suppose -4*i - 8 = 40. Let n = y + i. What are the prime factors of n?
2, 3
Suppose -r - 20 = 4*r. Let h(w) = -w**3 - 5*w**2 - 2*w - 2. Let u be h(r). Let n = u + 21. What are the prime factors of n?
11
List the prime factors of 4 - (6/8 - (-1126)/(-8)).
2, 3
Let b(g) = g**2 - 7*g + 9. Let u be b(7). Let q = 15 - u. What are the prime factors of q?
2, 3
What are the prime factors of (-102)/(-8) - (4 - (-51)/(-12))?
13
Suppose 19 = -2*h + 445. List the prime factors of h.
3, 71
Let w = 0 + 0. What are the prime factors of 0 - -2 - w/(-2)?
2
Let t = -9 - -13. Suppose -t*q + 2*q = -26. What are the prime factors of q?
13
Suppose 0 = -3*w + 9, 2*w + w - 385 = -c. List the prime factors of c.
2, 47
Suppose -n - 4*p + 57 = 0, 3*n - 3*p - 147 = -7*p. What are the prime factors of ((-6)/(-10))/(3/n)?
3
Let h = 29 + -13. Suppose -6 = -z - 2, 4*z - h = 2*y. Suppose y = -p - 3*p + 28. What are the prime factors of p?
7
What are the prime factors of (-1 - 0)/(1 - 24/20)?
5
Suppose -2*u + 48 = -0*u. List the prime factors of u.
2, 3
Suppose 0 = -4*t + 5*k + 91, -4*t - 88 = -8*t + 4*k. Suppose 5*p - 4*n = -38, p - 4*p - n = 33. Let z = p + t. What are the prime factors of z?
3
Let g(v) = v + 1. Let d be g(9). Suppose 3*b - d = -f - 3*f, -4*b - 3*f = -25. What are the prime factors of b?
2, 5
Let y(m) = m - 4. Let g be y(6). Suppose 0 = 5*o + 3*w, -w - g*w = 4*o. Suppose -a + 1 = 2*h, -3*h - 5 + 2 = o. What are the prime factors of a?
3
Let p = -1 - -3. Suppose 5*q = p*q + 18. Suppose 4*n = -c + 25, -2*c + 48 - q = 4*n. What are the prime factors of c?
17
Let v be ((-6)/5)/((-4)/(-20)). List the prime factors of 1/(1 - (-5)/v).
2, 3
Let q(i) = -i**2 - 7*i + 2. Suppose -o + 7 + 0 = 0. Suppose 0 = 2*k + o + 3. List the prime factors of q(k).
2, 3
Let i = 4 + 28. What are the prime factors of i?
2
Suppose 0*x + 690 = 6*x. List the prime factors of x.
5, 23
Let v(x) = 5*x**2 - 4*x + 3. Let g be v(2). Suppose -g = -3*w + 27. What are the prime factors of w?
2, 7
Let y = 29 + -21. Suppose 0 = 10*d - y*d - 14. What are the prime factors of d?
7
Let y(w) = w**2 + 3*w - 6. Let a(p) = p**2 - 7*p - 5. Let f be a(7). List the prime factors of y(f).
2
Let f(q) = -q - 1. Let g(v) = -v**2 + v + 4. Let o(d) = -4*f(d) - g(d). What are the prime factors of o(-7)?
2, 7
Suppose 2*b - 6 = 4*p, 3*b - 5*b - 3*p = 22. Let u(z) = -6*z - 11. Let h(d) = -d. Let a(n) = 5*h(n) - u(n). What are the prime factors of a(b)?
2, 3
Let a = -11 - -16. Let t = 7 - a. What are the prime factors of (0 + t/(-4))*-8?
2
List the prime factors of 4/10 + 0 + (-8150)/(-250).
3, 11
Let a(g) = -26*g**2 - 8*g + 5. Let f be a(-8). What are the prime factors of 4/6 - f/33?
7
Suppose -3*v = -v + s - 97, -v - 2*s = -41. Let l be v/(-1)*(-4)/6. Let w = -20 + l. What are the prime factors of w?
2, 7
Suppose 22 = 5*d - 3. Suppose 0 = 2*t - d*k - 12, -7*t + 2*t - 5*k + 65 = 0. What are the prime factors of t?
11
Suppose -c - 5*a + 27 = 0, -2*c - 2*a = 3*c - 112. What are the prime factors of c?
2, 11
Let y(w) = 3*w**2 - 10*w - 2. What are the prime factors of y(4)?
2, 3
Let q = -13 + 13. Let a = 78 - 53. Suppose -35 + 10 = -5*m - n, -5*m + n + a = q. What are the prime factors of m?
5
Let m(s) = s**2 + 3*s + 4. Let d be m(-3). Suppose d*o + o + 20 = 0. What are the prime factors of 0 - 2/2*o?
2
Suppose r - 24 = 4*h, r + 4*h + 6 = -10. Suppose 0 = -r*c + 42 - 6. What are the prime factors of c?
3
Suppose -2*z = 2*u + 6, -4*u - 19 = -0*z - 3*z. Let h(i) = 0*i + 3 - i - 2*i. What are the prime factors of h(u)?
3, 5
Let x(o) = -2*o. Let d(h) = h + 1. Let m(q) = 2*d(q) + 3*x(q). Let t be m(-6). Let s = t - 10. What are the prime factors of s?
2
Suppose -p = -41 - 19. Suppose 0 = -6*c + c + p. List the prime factors of c.
2, 3
Let v(m) = -6*m - 3. Let x be v(2). Let u = 24 + -3. Let s = x + u. List the prime factors of s.
2, 3
Let u(h) be the second derivative of -4*h**3/3 + h**2/2 + 2*h. List the prime factors of u(-1).
3
Suppose -5*l + 798 = l. List the prime factors of l.
7, 19
Let k(c) = -19*c + 3. Let m be k(-3). What are the prime factors of (3/(-4))/((-3)/m)?
3, 5
Let v(g) = g - 2. Let u be v(-6). What are the prime factors of 5*u/(-20) - -31?
3, 11
What are the prime factors of 30 + ((-2)/(-4) - (-4)/(-8))?
2, 3, 5
Suppose d + 12 = j - d, 0 = 5*j + 2*d - 36. Suppose -6*v + j = -2*v. Suppose q + 2*q - 2*h = 14, -v*q = -2*h - 8. List the prime factors of q.
2, 3
Suppose -2*w - w + 11 = 2*x, -2*x + 3*w = -5. Suppose x + 11 = -3*u, -4*k = -2*u - 18. What are the prime factors of k?
2
Let y(b) = 11*b**2 + 3*b + 3. Let z be y(-3). Let v = -145 + z. What are the prime factors of v/(-12) + (-4)/(-6)?
5
Let f(b) = b - 2. Let c be f(4). Suppose -71 = -3*k - k - 3*h, 4*k + c*h = 66. What are the prime factors of k?
2, 7
Suppose -4*v - 2*s + 0*s = -10, 15 = 3*s. Suppose 4*l + 97 = -v*y - 5*y, 0 = 2*l - 4. Let x = y + 33. What are the prime factors of x?
2, 3
Let v = 5 + -2. Suppose -b - 10 = -v*p, 3*p - 7*p = -5*b - 17. List the prime factors of -2*(p*-1 - -1).
2
Let f = -23 - -25. Let g(k) = 5*k**3 + 2*k**2 - 2*k - 1. What are the prime factors of g(f)?
43
Let l(v) = v**3 - v**2 - 9*v + 3. List the prime factors of l(7).
2, 3, 13
Let q(l) be the second derivative of -l**5/20 - l**4/3 - l**3/2 + 3*l**2/2 - 6*l. What are the prime factors of q(-3)?
3
Suppose 106 = 4*a - 82. What are the prime factors of a?
47
Let f = 283 - 23. What are the prime factors of f?
2, 5, 13
Let k(d) = -21*d - 11. List the prime factors of k(-4).
73
Let j(f) = f + 4. Let r(s) = -s - 4. Let n(z) = -4*j(z) - 3*r(z). Let o be n(-3). List the prime factors of o/5 + (-258)/(-15).
17
Let x(r) = -r + 1. Let s be x(1). Suppose -3*z + w = 0, -5*z + 2*w - 20 = 7*w. What are the prime factors of 18 - (-1 + (s - z))?
2, 3
Suppose 2*r + r - 12 = 0. Suppose -r*f - 10 + 58 = 0. What are the prime factors of f?
2, 3
Suppose -12 = -0*x - x. Let f = -5 + x. What are the prime factors of f?
7
Suppose -2*l + 3*k - 3 = -l, 3*l - 5*k - 7 = 0. Let u = l + 0. List the prime factors of u.
3
Let j = 266 - 132. What are the prime factors of j?
2, 67
Suppose 4*n - 475 = 69. List the prime factors of n.
2, 17
Suppose 3*u + 33 + 6 = 0. Let h = u + 29. List the prime factors of h.
2
Let p(u) = -u**3 - 3*u**2 - 3*u - 5. List the prime factors of p(-4).
23
Let u = 7 - 13. Let j be (4/3)/2*u. Let s = 0 - j. List the prime factors of s.
2
Let s be 0 + (-5)/(15/(-18)). Let g be 8/12 - (-26)/s. Suppose g*a = -0 + 10. What are the prime factors of a?
2
Let t(p) = 6*p**3 - 4*p**2 + 6*p + 4. What are the prime factors of t(3)?
2, 37
Let g = 0 + 2. Let h = g + -1. Suppose -13 = -3*f - h. List the prime factors of f.
2
Suppose -85 - 1 = -2*y. What are the prime factors of y?
43
Suppose -n + 31 = b, -4*n = 2*b - 5*b - 96. List the prime factors of n.
3
Let k = 32 - 64. Let w = 49 + k. List the prime factors of w.
17
Let m(t) = -t. List the prime factors of 